Let x = 436 - -205. Let j = x - -13. What are the prime factors of j?
2, 3, 109
Let k(g) = 35*g - 29. Suppose 6*a = 12*a - 18. Let w be a - -1 - (-25 - -23). List the prime factors of k(w).
181
What are the prime factors of 15 - (-68805 - (-14 - 2))?
2, 103, 167
Suppose -24*w + 316564 = -149036 - 0. What are the prime factors of w?
2, 5, 97
Suppose -4*o = -2*c - 29338, 0 = -4*o + 4*c - 3*c + 29333. List the prime factors of o.
2, 3, 13, 47
Suppose 77*a - 842897 = -32*a. What are the prime factors of a?
11, 19, 37
Suppose -12*m = -5*o - 14*m + 230720, -5*o + 2*m = -230740. List the prime factors of o.
2, 3, 7691
Suppose 2*g - 3753 = 2*k + 8625, k + 6 = 0. List the prime factors of g.
3, 229
Let t be 29360/100 + (-4)/(-10). Suppose t = 5*u + 39. What are the prime factors of u?
3, 17
Let a = 38 - -10. Let v be 3 - a/(-21) - (-2)/(-7). Suppose -j - 120 = -v*j + 4*b, j + 4*b - 45 = 0. List the prime factors of j.
3, 11
Suppose 0*i - 207 = 4*o - i, 5*i - 187 = 4*o. Let a = 53 + o. Suppose a = -4*l + 3*d + 984 - 189, 2*l + 4*d - 370 = 0. List the prime factors of l.
3, 5, 13
Suppose 0 = -21*d + 169326 - 8991. List the prime factors of d.
3, 5, 509
Let q = -8650 - -17798. List the prime factors of q.
2, 2287
Let q(k) = -4*k. Let t(p) = -47*p - 26. Let i(x) = 2*q(x) - t(x). What are the prime factors of i(13)?
13, 41
Let n(r) = 738*r**2 + 4*r - 4. Let j be n(1). Suppose 5*a - j = -4*i, i - 3*a = 2*i - 181. What are the prime factors of i?
11, 17
Let l be 7 - (-1764)/45 - (-1)/(-5). Suppose -20*s - l*s = -82764. What are the prime factors of s?
2, 3, 11, 19
Let z = -423 - -426. Let u(g) = 67*g**2 - 35*g + 1. List the prime factors of u(z).
499
Suppose 4*i = -x - 84, 72 = -3*i - 5*x + 2*x. Let y(l) = -21*l + 34. List the prime factors of y(i).
2, 227
Suppose -721 = 8*g - 737. Suppose 0*z + g*z = 1168. What are the prime factors of z?
2, 73
Let t be (68/51)/((-3)/(-774)*4). Suppose -93*y + t*y + 1449 = 0. What are the prime factors of y?
3, 23
Let h(i) = 101*i - 1673. What are the prime factors of h(31)?
2, 3
Let y(s) = 4*s + 83. Let z be y(-20). Suppose -j - d + 458 = -0*j, -452 = -j - z*d. List the prime factors of j.
461
Suppose -35*z = 55*z - 2185830. What are the prime factors of z?
149, 163
Suppose -5*i + 178*j - 179*j = -123550, -i + j = -24704. What are the prime factors of i?
24709
Let t = 3632 + 20192. List the prime factors of t.
2, 1489
Let i(u) = -u**2 + 2*u - 5. Let t be i(-6). Let k be (-7 + 5)/(1/t). Let w = 223 - k. What are the prime factors of w?
3, 13
Suppose 0 = 200*q - 1763552 - 1162848. What are the prime factors of q?
2, 31, 59
List the prime factors of 12*1*(-102942)/(-189).
2, 19, 43
What are the prime factors of ((-18290)/(-248))/((-4)/96*-2)?
3, 5, 59
Let c = -417 - -317. List the prime factors of (79 + -5)*c/(-8).
5, 37
Suppose -3*r - 79 = 71. Suppose -7*n - n = 56. Let u = n - r. What are the prime factors of u?
43
Suppose -5 = j - 0*j, -4*k - 3*j = -1017. Let a = k - -133. What are the prime factors of a?
17, 23
Let x(v) = v**3 + 10*v**2 + v + 12. Let j be x(-10). Suppose -j*a + 408 = -4*a. What are the prime factors of (a/2 - 2)*(-35)/28?
2, 5, 13
Let w(c) = -29*c + 1. Suppose 0 = 10*l - 5*l + 15. Let q(z) = 57*z - 2. Let s(b) = l*q(b) - 5*w(b). List the prime factors of s(-9).
5, 47
Let m(f) = 2*f**2 - 2*f + 28. Let i be m(16). Let g = i + 206. What are the prime factors of g?
2, 3, 7, 17
Let m(w) = -120*w + 4969. What are the prime factors of m(0)?
4969
Suppose 44 = z + 45, -3*i = -4*z - 47920. List the prime factors of i.
2, 3, 11
Let g = -7995 - -15229. List the prime factors of g.
2, 3617
Let j be (-2 + -7)*(-389 - 4). Suppose 9*x - j - 225 = 0. Suppose 10 = -4*h + x. What are the prime factors of h?
2, 3, 17
Suppose 5*s = 33004 - 7894. Suppose 0 = -5*n - 4*p + s, 2*n - 8*p - 1989 = -3*p. What are the prime factors of n?
2, 3, 167
Let x(c) = 5*c**2 - 11*c - 7. Let l be x(-10). Suppose 0*j = 2*j - 3*m - l, 0 = 2*m + 10. What are the prime factors of j?
2, 3, 7
Let o = 3315 - 2298. Let p = -607 + o. List the prime factors of p.
2, 5, 41
Suppose 53*p = 55*p - 1482. Let b = 825 + -1332. Let x = p + b. What are the prime factors of x?
2, 3, 13
Let j(z) be the second derivative of -z**5/20 + 4*z**4/3 - z**3 - 43*z**2/2 - 71*z. List the prime factors of j(14).
5, 53
Suppose 60*a - 43*a - 96577 = 0. List the prime factors of a.
13, 19, 23
Suppose 4*n = 5*v - 15572, -n - 6227 = -7*v + 5*v. What are the prime factors of v?
2, 389
Let k be 5/(-1) - (-50)/20*206. Suppose -4*w + 2*n + 0*n + 414 = 0, 5*w = n + k. List the prime factors of w.
101
What are the prime factors of 19531 + 0/7*-1?
19531
Suppose 47*h - 19*h = -48*h + 400900. What are the prime factors of h?
5, 211
Let w(v) = -289*v + 21. Let g be w(-6). Suppose 6*y - g = -3*y. Suppose 2*j = -5*a - 0*j + y, -3*j = 3*a - 108. What are the prime factors of a?
41
Let u = -5891 + 10113. List the prime factors of u.
2, 2111
Let r(d) = d**2 - 2*d + 757. What are the prime factors of r(-120)?
89, 173
Let v(y) = -y**2 - 15*y + 3. Let o be v(-15). List the prime factors of (-3*(-2)/24)/(o/3684).
307
Let f = 3353 + 6672. What are the prime factors of f?
5, 401
Let s = 85709 + -53209. What are the prime factors of s?
2, 5, 13
Let v(h) = 3*h**2 - 12*h + 1. Let m(p) = -23 + 3*p + 0*p - 31 + 0*p. Let u be m(20). List the prime factors of v(u).
37
Suppose 0 = -70*k + 66*k - 16. What are the prime factors of -131*k*1/4?
131
Suppose -4*w + 5*v + 420 = 0, -3*w - 8*v = -12*v - 315. Let y(s) = 17 - 4*s**2 - 84*s + 0 + w*s + 7*s**2. What are the prime factors of y(-8)?
41
Let d = -255 - -261. Let y(m) = 11*m**2 + 10*m + 9. List the prime factors of y(d).
3, 5, 31
Suppose 0 = 7*t - 16*t - 855. Let r = -243 + 62. Let k = t - r. List the prime factors of k.
2, 43
Suppose -11*f = -10*f - 1015. Suppose -3*d - f = 41. Let c = 562 + d. What are the prime factors of c?
2, 3, 5, 7
Let m(z) = 84*z**2 - 167*z + 45. List the prime factors of m(9).
2, 3, 11
Suppose -b - 605 = -7344. List the prime factors of b.
23, 293
Suppose m + 13 = -5. Suppose 28 = 13*y - 6*y. List the prime factors of m/(-12) - (-290)/y.
2, 37
Let m(d) = -53*d + 28*d + 0*d + 94 + d**2 + 24. What are the prime factors of m(28)?
2, 101
Let k(c) = 64*c**2 - 13*c + 22. Let s be k(2). Suppose -5*f = -f - s. What are the prime factors of f?
3, 7
Suppose -17*w + 27*w + 300495 = 25*w. List the prime factors of w.
13, 23, 67
Suppose 417*s - 411*s = 1590. List the prime factors of ((-669)/(-6))/(9 + s/(-30)).
3, 223
Let u = 45678 - 8590. What are the prime factors of u?
2, 19, 61
Let v = 7883 - 1017. What are the prime factors of v?
2, 3433
Let s = -522 - -523. List the prime factors of -9 + (-81)/(-9) + s + 28.
29
What are the prime factors of (-3)/5*570/(-228) - (-3157)/2?
2, 5, 79
Let v = 2537 + -1721. Let q = v - 507. What are the prime factors of q?
3, 103
Let q be (3 - -1) + -11 + 9. Suppose s - 5 = -3*l + 15, 4*s = q*l + 10. Suppose 3*o = -s*c + 42, o - 4 = -2*c + 3*o. List the prime factors of c.
2, 3
Suppose 0 = -1307*c + 1256*c + 1763733. What are the prime factors of c?
34583
Suppose -116*k = 49*k - 456555. What are the prime factors of k?
2767
Suppose -127*w - 232577 = -1355257. List the prime factors of w.
2, 5, 13, 17
Let v(u) = u**3 - 10*u**2 - u + 82. Suppose -23*y + 82 = -217. List the prime factors of v(y).
2, 3
Let a(x) = 4471*x - 777. What are the prime factors of a(2)?
5, 23, 71
Let g be 46/(-483) + (-27926)/42. List the prime factors of g*((-3)/(-4))/((-420)/224).
2, 7, 19
Suppose -34 = -c + 4*c + 2*p, -c = -4*p + 16. Let z(q) = q**3 + 14*q**2 + 16*q + 1. What are the prime factors of z(c)?
97
Let z(g) = g - 6 + 0 + 22. Let p(v) = 15. Let k(q) = 6*p(q) - 7*z(q). What are the prime factors of k(-9)?
41
Let s(m) = m**3 + 28*m**2 - 33*m + 84. Let k be s(-29). Let h be (2 + -71)*(-16)/12. Suppose -h*d + k = -90*d. What are the prime factors of d?
2, 5
Let i(u) = -4*u**3 - 38*u**2 - 6*u + 24. Suppose -528 = 41*h - 118. What are the prime factors of i(h)?
2, 71
Suppose -2*j + 5*b + 16 = 0, -3*j + 12*b - 17*b = 1. Suppose 2*v = -2*y + 826, -j*v + 1451 - 214 = 4*y. What are the prime factors of v?
5, 83
Let t be 10*5/2 - -1. Suppose 34 = 123*f - 121*f + 2*i, 0 = -2*f + 2*i + 18. Let p = t - f. List the prime factors of p.
13
L